is divided by t?
11
Suppose 3*r + 0 = 45. Let p = 121 - 78. What is the remainder when p is divided by r?
13
Suppose p = -p + 4. Suppose 0 = p*u - 5*h - 30, -3*u + 2 + 5 = 2*h. Let r = -13 + 21. Calculate the remainder when r is divided by u.
3
Suppose 88 = 7*r - 3*r. Let a(l) = l - 2. Let h be a(4). Suppose h*b + 36 = 5*b. What is the remainder when r is divided by b?
10
Suppose -4*o + 3*o = -55. Let s be o/2 + (-2)/4. Let x = s + 2. Calculate the remainder when x is divided by 8.
5
Let p = 3 - 2. Suppose p + 5 = 2*t. What is the remainder when t is divided by 2?
1
Suppose -20 = -4*z + 2*p - p, -2*p + 5 = z. Suppose -n + z = -8. What is the remainder when 37 is divided by n?
11
Suppose -7 = -3*v + 4*w, -3*v + 20 = 4*w - 3. What is the remainder when 15 is divided by v?
0
Suppose 0 = 2*j - 5*j + 6. Suppose j = v - 0. What is the remainder when 2 is divided by v?
0
Let z = 10 + -5. What is the remainder when 55 is divided by ((-56)/10)/((-2)/z)?
13
Let t = 48 + -28. Suppose 5*s + t = -15. Calculate the remainder when 53 is divided by 90/(-35)*(s - 0).
17
Let c = 84 - -2. What is the remainder when c is divided by 22?
20
Suppose 3*x + 172 = q - x, 3*x = -q + 137. Calculate the remainder when q is divided by 22.
20
Suppose -g - 39 = -2*a, 5*g + 83 = 4*a + 2*g. Let w = 21 - 15. What is the remainder when a is divided by w?
5
Let a be (-300)/(-28) - (-4)/14. Let d = a + 6. What is the remainder when d is divided by 10?
7
Let k(g) = 2*g**2 - 5*g + 4. Suppose -5*a + 1 + 19 = 0. What is the remainder when k(a) is divided by 9?
7
Let w = 60 + -53. What is the remainder when 18 is divided by w?
4
Let l = -2 + 4. Suppose -4*t + 37 = 5*n, -t - 3*n - 2 = -6. Calculate the remainder when 5*((-20)/l)/(-2) is divided by t.
12
Suppose 2*v = 3*v - 12. Let u(h) = -h**3 - 4*h**2 + 5*h - 8. What is the remainder when u(-6) is divided by v?
10
Suppose -2*y - 4*q = -26, 0*y + 39 = 4*y - 5*q. What is the remainder when 30 is divided by y?
8
Let g = -37 + 38. What is the remainder when 7 is divided by g?
0
Let f(j) = -2*j - 9. Let g be f(-7). Suppose -g*d + 8*d - 6 = 0. What is the remainder when (-1*(13 - d))/(-1) is divided by 7?
4
Let d = 7 - 8. Let y = 1 - d. What is the remainder when y is divided by 1?
0
Let j(f) = f**3 - 6*f**2 + f + 7. Let w be j(6). Suppose 0 = n - 3, 4*n - n = -2*x + w. Suppose -5*u - 2 = -12. What is the remainder when x is divided by u?
0
Suppose -3*p - 2*s + 19 = 0, 0 = 5*p - 5*s + 2 - 17. Suppose -4*h + 27 = -h + d, -p*d = h - 9. Calculate the remainder when 35 is divided by h.
8
Let m(a) = 17*a**2 + 4*a + 2. What is the remainder when m(-2) is divided by 21?
20
Suppose 5*b = -2*c + 22, 13 = c - b - 12. What is the remainder when c is divided by 13?
8
Let j = 119 + -29. Calculate the remainder when j is divided by 23.
21
Suppose -j + 0 + 3 = 0. Suppose 3*y = 3*h + 108, j*y - 73 = -2*h - 2*h. Let z = 6 + 10. What is the remainder when y is divided by z?
15
What is the remainder when (-26)/(-169) - 37/(-13) is divided by 3?
0
Let h = -4 + 14. Suppose 0 = 3*c - 8*c + h. Let p(o) = o**2 + 6*o - 3. What is the remainder when p(-7) is divided by c?
0
Suppose 3*h + 5*u = 26 - 2, 0 = -5*h + 5*u + 80. Let g(k) = k**3 - 11*k**2 + 9*k + 14. Suppose -20 = -r - r. Calculate the remainder when h is divided by g(r).
1
Let r(b) be the third derivative of b**6/120 + 7*b**5/60 - 3*b**4/8 - 7*b**3/6 + 8*b**2. Calculate the remainder when 1 is divided by r(-8).
0
Suppose -3*f = -2*f - 10. Let t be 24/f*(-10)/(-3). Let a(p) = -p**3 + 9*p**2 - 7*p + 11. Calculate the remainder when 55 is divided by a(t).
17
Let l be 155/55 - (-2)/11. Let i(r) = -3*r + 5*r**3 + 2*r**3 + 5*r**2 - 3*r**l - 5*r**3. Calculate the remainder when 26 is divided by i(3).
8
Suppose 75 = 2*d - 3. Calculate the remainder when d is divided by 21.
18
Suppose -4*l + 3*n - 12 = 4*n, -2*n + 12 = -4*l. Let d(b) = -b - 3*b - 1 - b. Calculate the remainder when 40 is divided by d(l).
12
Suppose 0 = -a - 5*b + 7, 3*a + 2*b = 7 + 1. Calculate the remainder when 13 is divided by a.
1
Calculate the remainder when (-4 + 6)*2 + 8 is divided by 5.
2
Suppose 2*x + 2*x = 4*s - 4, 7 = 3*s - 2*x. Suppose s*t - 22 = 4*t. Suppose 3*z - 2*f = 14, 4*z - 4*f + 52 = 8*z. What is the remainder when t is divided by z?
6
Let v = -2 - -7. Suppose -v - 39 = -f. Let c(y) = 3*y**2 - 3*y - 3. Calculate the remainder when f is divided by c(3).
14
Suppose 0*c - 48 = -4*c. Let o = c - -1. Calculate the remainder when 38 is divided by o.
12
Suppose 2*n - 4 - 26 = 0. Calculate the remainder when 59 is divided by n.
14
Let b be (3/((-6)/(-298)))/(-1). Let n = b + 267. What is the remainder when n is divided by 30?
28
Suppose -4*c - 3*m + 4*m + 41 = 0, -3*c + 42 = 3*m. Let a(z) = -z**2 + 7*z + 4. Let t be a(6). What is the remainder when c is divided by (16/t)/((-6)/(-15))?
3
Let f be (-3 + 5)/(-2)*0. Suppose f = -g - 4*j + 3 + 11, -5*j + 5 = 0. What is the remainder when 26 is divided by g?
6
Suppose -9*j - 85 + 409 = 0. What is the remainder when 143 is divided by j?
35
Let t(w) = 4*w**2 - 7. Let g = 42 - 18. What is the remainder when g is divided by t(-2)?
6
Suppose m + 1 = -0*m. Calculate the remainder when 46/(m + (-1 - -4)) is divided by 4.
3
Suppose 0 = 5*d - 87 - 18. Suppose -2*t + 7*t = 665. Suppose -3*b + t = -50. Calculate the remainder when b is divided by d.
19
Let a be 4/14 - 328/(-28). Suppose -3*t + 36 = a. What is the remainder when 23 is divided by t?
7
Let i = 1 - -5. What is the remainder when (32/6)/(i/27) is divided by 7?
3
Suppose p - 8 = 2*a - 21, 0 = -2*a - 5*p + 19. Suppose 0 = 5*q - 3*w - 110, 3*q - 30 - 36 = 5*w. Let x = 4 + q. What is the remainder when x is divided by a?
5
Let o(m) = -6*m + 3. Suppose 18 - 3 = -5*h. What is the remainder when 61 is divided by o(h)?
19
Let u = 13 - 8. Let w(b) be the third derivative of b**5/60 - b**4/8 - 7*b**3/6 - b**2. What is the remainder when w(u) is divided by 3?
0
Let o(d) = 5*d**2 - d + 1. What is the remainder when 10 is divided by o(-1)?
3
Let n(z) = -z**3 - 5*z**2 - 5*z - 2. Let x be n(-4). Suppose 0*c = -x*c + 34. What is the remainder when c is divided by 9?
8
Let w(m) = -19*m**3 - 3*m**2 - 7*m + 2. Let d(t) = 9*t**3 + t**2 + 3*t - 1. Let k(h) = 5*d(h) + 2*w(h). What is the remainder when 22 is divided by k(1)?
4
Let w(h) = h**2 - 5*h + 5. Let z be ((-6)/4)/(2/(-8)). Calculate the remainder when 31 is divided by w(z).
9
Let b be ((-484)/(-8))/(1/2). Let o = -82 + b. Suppose 0*n - 28 = -2*n. Calculate the remainder when o is divided by n.
11
Suppose 0 = 3*n - 0*n - 129. Let g = 24 + -13. What is the remainder when n is divided by g?
10
Suppose -3*p = -4*j - 35, 5*j - 29 = -2*p + 2*j. Calculate the remainder when 49 is divided by p.
10
Suppose -v + 248 + 70 = 5*i, -5*i - 5*v = -330. What is the remainder when i is divided by 22?
19
Let z(w) = w**2 + 5*w. Calculate the remainder when 21 is divided by z(-6).
3
Suppose -4*c - 112 + 128 = 0. Calculate the remainder when 25 is divided by c.
1
Let s = 128 + -112. What is the remainder when 42 is divided by s?
10
Let c = 0 - -20. What is the remainder when 39 is divided by c?
19
Suppose 4*n - 19 = -v, 0 = -5*v - 3*n + 267 - 104. What is the remainder when v is divided by 19?
16
Let p(s) be the second derivative of 5*s + 7/6*s**3 + 0 + 0*s**2. What is the remainder when p(4) is divided by 15?
13
Let m(x) = x + 16. Let u be m(0). Let i = -4 + u. What is the remainder when 23 is divided by i?
11
Let h = -1 + 3. Let p be -1 - (-7 + h + 0). Calculate the remainder when (87/(-6))/((-2)/p) is divided by 15.
14
Suppose -2 = -s - s. Let m(h) be the second derivative of 7*h**3/2 + 11*h. Calculate the remainder when m(s) is divided by 11.
10
Let n(s) = s**2 - s - 4. What is the remainder when (-345)/(-10)*4/3 is divided by n(-4)?
14
Let v = 0 + 5. Suppose 5*p = -2*o + 33, 2*p - 70 = v*o - 167. Let c = 216 - 161. Calculate the remainder when c is divided by o.
17
Let c = -72 + 192. Suppose 0 = 4*o - 0*o - c. Calculate the remainder when o is divided by 8.
6
Suppose -15*d + 36 = -11*d. What is the remainder when 26 is divided by d?
8
Let o = -8 + 8. Calculate the remainder when (o - -1)/((-4)/(-212)) is divided by 14.
11
Suppose 0 = g - 2*d - 19, -2*g = -2*d - d - 36. What is the remainder when 29 is divided by g?
14